t common divisor of 17747610 and 1165.
1165
Calculate the greatest common divisor of 31290373 and 23.
23
Calculate the greatest common factor of 241292 and 157878.
358
What is the highest common factor of 195687 and 441?
9
What is the highest common factor of 768 and 22129856?
64
What is the greatest common divisor of 281028 and 2724?
12
Calculate the highest common factor of 1848 and 752433.
33
What is the highest common divisor of 525431647 and 8021?
8021
What is the greatest common divisor of 122105746 and 10388?
5194
Calculate the greatest common divisor of 8080 and 4447535.
505
Calculate the highest common divisor of 506 and 7916414.
22
Calculate the greatest common divisor of 4741737 and 45045.
3003
Calculate the greatest common factor of 96125454 and 27.
27
Calculate the highest common divisor of 8920 and 938236820.
4460
What is the greatest common divisor of 19781697 and 25311?
2301
What is the highest common factor of 6018 and 28286724?
354
What is the highest common factor of 92619 and 178461?
2259
What is the highest common factor of 56 and 9793070?
14
Calculate the highest common factor of 2529230 and 374.
22
Calculate the greatest common divisor of 601645 and 220.
55
What is the highest common divisor of 245343 and 732691?
1669
Calculate the greatest common divisor of 7836 and 121100156.
2612
What is the greatest common factor of 3922 and 10724550?
106
Calculate the highest common factor of 4716828 and 216.
36
Calculate the greatest common factor of 12752209 and 43.
43
What is the greatest common divisor of 135 and 6970275?
45
What is the highest common divisor of 196104 and 3992?
8
Calculate the highest common divisor of 5204 and 6482883.
1301
Calculate the greatest common factor of 1652 and 525812.
28
Calculate the greatest common factor of 98596 and 3234200.
628
Calculate the greatest common divisor of 160550 and 3173.
19
What is the greatest common factor of 216524 and 3724?
532
What is the highest common divisor of 256 and 1056522688?
64
Calculate the highest common divisor of 617393 and 87843.
623
Calculate the highest common factor of 11620 and 4582.
2
Calculate the greatest common factor of 13063810 and 34.
2
What is the highest common factor of 4126024 and 434?
14
Calculate the highest common divisor of 2809 and 26530051.
53
What is the greatest common factor of 12738496 and 64?
64
What is the greatest common factor of 523600 and 17200?
400
Calculate the greatest common factor of 11427 and 64398177.
879
What is the highest common factor of 1320 and 3873716?
44
What is the highest common divisor of 24 and 380633352?
24
What is the highest common divisor of 735 and 18522120?
15
Calculate the greatest common divisor of 1566 and 1505054934.
522
Calculate the greatest common factor of 83779941 and 1239.
1239
What is the greatest common divisor of 382218998 and 70?
14
What is the highest common divisor of 997014832 and 132?
44
What is the highest common divisor of 10860 and 1371916650?
5430
What is the greatest common factor of 34 and 841552513?
17
What is the greatest common divisor of 26715867 and 1605?
321
What is the highest common divisor of 12 and 88317144?
12
Calculate the highest common divisor of 49240 and 440.
40
Calculate the highest common factor of 3813446 and 45227.
91
Calculate the greatest common factor of 2490 and 71546.
166
What is the greatest common factor of 14138 and 381351343?
7069
What is the highest common factor of 2220 and 69263445?
555
What is the highest common factor of 14112 and 62541297?
441
What is the greatest common divisor of 4552086 and 44604?
2478
What is the greatest common factor of 6526077 and 7908?
1977
Calculate the greatest common divisor of 236368 and 3552252.
748
Calculate the highest common factor of 3775 and 37457815.
755
Calculate the highest common divisor of 2772511 and 3913.
301
Calculate the greatest common divisor of 156503543 and 189.
7
What is the highest common factor of 6 and 6221934?
6
Calculate the greatest common divisor of 3031 and 1148073087.
3031
Calculate the greatest common factor of 4 and 2930836.
4
Calculate the greatest common divisor of 2402 and 3431257.
1201
What is the greatest common divisor of 20221 and 10117979?
277
Calculate the highest common factor of 1465 and 146138145.
1465
Calculate the greatest common divisor of 1178186 and 9610.
1922
What is the greatest common factor of 15054443 and 897?
23
Calculate the greatest common divisor of 11260935 and 52920.
2205
What is the greatest common divisor of 124000 and 43900?
100
Calculate the greatest common divisor of 16767996 and 1974.
42
Calculate the highest common factor of 45472768 and 968.
968
What is the greatest common divisor of 24 and 98007504?
24
What is the highest common factor of 4 and 17492496?
4
What is the highest common factor of 34855418 and 148356?
8242
Calculate the highest common divisor of 421 and 20215157.
421
Calculate the highest common factor of 78427552 and 36088.
2776
Calculate the highest common divisor of 1788 and 3624.
12
What is the greatest common divisor of 7170 and 156876015?
3585
What is the greatest common factor of 7236826 and 322989?
4681
What is the highest common divisor of 893 and 17054655?
47
Calculate the highest common factor of 28301 and 319501.
91
Calculate the highest common divisor of 7546 and 30290722.
1078
Calculate the highest common divisor of 50542 and 23421.
37
What is the greatest common divisor of 1380 and 78348580?
460
Calculate the greatest common divisor of 281562 and 104.
2
Calculate the highest common factor of 102 and 9171194.
34
Calculate the greatest common divisor of 243 and 5797251.
243
Calculate the highest common factor of 1904131278 and 7758.
7758
What is the greatest common divisor of 320963 and 11891?
47
Calculate the highest common divisor of 10 and 7610.
10
What is the greatest common factor of 332046 and 124410?
858
Calculate the highest common factor of 8475 and 65606670.
1695
What is the highest common factor of 5122560 and 19488?
2784
Calculate the greatest common factor of 135069 and 6303.
33
Calculate the greatest common divisor of 16121112 and 126.
42
Calculate the highest common divisor of 3664 and 6924044.
916
What is the greatest common factor of 299683848 and 120?
24
What is the highest common divisor of 11919397 and 43974?
2443
Calculate the highest common divisor of 97712 and 8432.
496
Calculate the greatest common factor of 29312 and 20704.
32
Calculate the highest common factor of 620687 and 899.
29
What is the highest common divisor of 963 and 120177?
9
What is the highest common factor of 5527067 and 2093?
91
Calculate the highest common divisor of 280881 and 1899423.
2781
Calculate the highest common factor of 21114 and 40204.
46
What is the highest common factor of 92276 and 1794?
46
What is the greatest common divisor of 4160 and 4925960?
520
Calculate the greatest common factor of 495 and 44316825.
15
Calculate the greatest common divisor of 29791 and 71486.
31
What is the greatest common factor of 49464823 and 158?
79
Calculate the highest common divisor of 283442 and 23598.
38
What is the greatest common factor of 4053 and 13841?
1
What is the highest common divisor of 224 and 533848?
56
What is the greatest common divisor of 754 and 5271214?
754
What is the greatest common divisor of 173533744 and 47680?
2384
Calculate the greatest common divisor of 89045860 and 40.
20
What is the highest common factor of 28967127 and 21?
21
Calculate the greatest common factor of 37125 and 670329.
297
Calculate the highest common factor of 6066 and 361248.
6
Calculate the greatest common factor of 18362434 and 74.
74
Calculate the greatest common divisor of 10946 and 70902.
26
What is the highest common factor of 403981 and 7?
1
Calculate the highest common divisor of 117845584 and 2281.
2281
What is the highest common divisor of 71709 and 441610098?
6519
What is the greatest common factor of 237816592 and 35230?
7046
What is the highest common factor of 2 and 62705273?
1
What is the highest common factor of 122504192 and 18432?
1024
What is the greatest common divisor of 119781888 and 3?
3
Calculate the highest common divisor of 194617242 and 2214.
2214
Calculate the greatest common divisor of 114885240 and 1885.
145
Wha